{"id":21,"date":"2022-06-13T14:56:07","date_gmt":"2022-06-13T14:56:07","guid":{"rendered":"https:\/\/digisites.com.br\/loja\/?post_type=product&#038;p=21"},"modified":"2024-08-09T10:41:56","modified_gmt":"2024-08-09T10:41:56","slug":"site-para-advogado","status":"publish","type":"product","link":"https:\/\/digisites.com.br\/loja\/site\/site-para-advogado\/","title":{"rendered":"Site para Advogado Cl\u00e1ssico"},"content":{"rendered":"\n<div class=\"wp-block-columns is-layout-flex wp-container-core-columns-is-layout-9d6595d7 wp-block-columns-is-layout-flex\">\n<div class=\"wp-block-column titulo-produto is-layout-flow wp-block-column-is-layout-flow\">\n<h2 class=\"has-text-align-center wp-block-heading\">Vantagens exclusivas<\/h2>\n\n\n\n<h2 class=\"has-text-align-center wp-block-heading\" style=\"font-size:24px;font-style:normal;font-weight:400\">Veja as 10 caracter\u00edsticas que nossos sites possuem que s\u00e3o essenciais para um neg\u00f3cio de sucesso.<\/h2>\n<\/div>\n<\/div>\n\n\n\n<ol class=\"gradient-list wp-block-list\" style=\"font-size:18px\"><li>Site otimizado para SEO, a fim de obter o melhor posicionamento no ranking do Google;<\/li><li>Site otimizado para velocidade, a fim de ter um carregamento fluido e r\u00e1pido;<\/li><li>E-mail profissional <strong>meunome@minhaempresa.com.br<\/strong>;<\/li><li>Design moderno e elegante, para passar a melhor impress\u00e3o para seu cliente;<\/li><li>Site projetado para ter o melhor desempenho nas campanhas do Google Ads;<\/li><li>Site criado especialmente focado no seu ramo do de atua\u00e7\u00e3o;<\/li><li>Integrado com o WhatsApp para que seus clientes possam contat\u00e1-lo diretamente do seu site;<\/li><li>Este site \u00e9 projetado para funcionar perfeitamente em dispositivos de qualquer tamanho;<\/li><li>Fornecemos suporte com orienta\u00e7\u00f5es e dicas para que seu neg\u00f3cio cres\u00e7a ainda mais;<\/li><li>Fornecemos atendimento r\u00e1pido e confi\u00e1vel por meio do painel do cliente.<\/li><\/ol>\n\n\n\n<div class=\"wp-block-columns alignfull is-layout-flex wp-container-core-columns-is-layout-9d6595d7 wp-block-columns-is-layout-flex\">\n<div class=\"wp-block-column is-layout-flow wp-block-column-is-layout-flow\" style=\"flex-basis:63%\">\n<figure class=\"wp-block-image size-large\"><img decoding=\"async\" width=\"1024\" height=\"706\" src=\"https:\/\/digisites.com.br\/loja\/wp-content\/uploads\/2022\/06\/muckUPDasktop4-1024x706.png\" alt=\"\" class=\"wp-image-127\" srcset=\"https:\/\/digisites.com.br\/loja\/wp-content\/uploads\/2022\/06\/muckUPDasktop4-1024x706.png 1024w, https:\/\/digisites.com.br\/loja\/wp-content\/uploads\/2022\/06\/muckUPDasktop4-150x103.png 150w, https:\/\/digisites.com.br\/loja\/wp-content\/uploads\/2022\/06\/muckUPDasktop4-600x414.png 600w, https:\/\/digisites.com.br\/loja\/wp-content\/uploads\/2022\/06\/muckUPDasktop4-300x207.png 300w, https:\/\/digisites.com.br\/loja\/wp-content\/uploads\/2022\/06\/muckUPDasktop4-768x530.png 768w, https:\/\/digisites.com.br\/loja\/wp-content\/uploads\/2022\/06\/muckUPDasktop4-1536x1059.png 1536w, https:\/\/digisites.com.br\/loja\/wp-content\/uploads\/2022\/06\/muckUPDasktop4-2048x1412.png 2048w, https:\/\/digisites.com.br\/loja\/wp-content\/uploads\/2022\/06\/muckUPDasktop4-990x683.png 990w, https:\/\/digisites.com.br\/loja\/wp-content\/uploads\/2022\/06\/muckUPDasktop4-441x304.png 441w\" sizes=\"(max-width: 1024px) 100vw, 1024px\" \/><\/figure>\n<\/div>\n\n\n\n<div class=\"wp-block-column celular-mockup-produto is-layout-flow wp-block-column-is-layout-flow\"><\/div>\n<\/div>\n\n\n\n<div class=\"wp-block-columns is-layout-flex wp-container-core-columns-is-layout-9d6595d7 wp-block-columns-is-layout-flex\">\n<div class=\"wp-block-column titulo-produto is-layout-flow wp-block-column-is-layout-flow\">\n<h2 class=\"has-text-align-center wp-block-heading\">COMO O&nbsp;SITE PARA ADVOGADOS \u00c9 FEITO?<\/h2>\n\n\n\n<h2 class=\"has-text-align-center wp-block-heading\" style=\"font-size:24px;font-style:normal;font-weight:400\">Conhe\u00e7a um pouco mais sobre nosso processo da cria\u00e7\u00e3o de sites<\/h2>\n<\/div>\n<\/div>\n\n\n\n<div class=\"wp-block-columns processos-col is-layout-flex wp-container-core-columns-is-layout-9d6595d7 wp-block-columns-is-layout-flex\">\n<div class=\"wp-block-column is-layout-flow wp-block-column-is-layout-flow\">\n<figure class=\"wp-block-image size-large is-resized\"><img decoding=\"async\" src=\"https:\/\/digisites.com.br\/loja\/wp-content\/uploads\/2022\/06\/OP2Prancheta-2.svg\" alt=\"\" class=\"wp-image-165\" width=\"300\"\/><\/figure>\n\n\n\n<h2 class=\"numeracao-processos numeracao-1 has-medium-font-size wp-block-heading\" style=\"font-style:normal;font-weight:500\">Escolha seu site e a forma de pagamento<\/h2>\n\n\n\n<p>Conhe\u00e7a nossa loja de sites apaixonantes e escolha o modelo de site mais adequado ao seu tipo de neg\u00f3cio. Ao efetuar o pagamento voc\u00ea ser\u00e1 direcionado \u00e0 \u00c1rea do Cliente e estar\u00e1 pronto para dar in\u00edcio ao briefing.<\/p>\n<\/div>\n\n\n\n<div class=\"wp-block-column processo-produtos is-layout-flow wp-block-column-is-layout-flow\">\n<figure class=\"wp-block-image size-large is-resized\"><img decoding=\"async\" src=\"https:\/\/digisites.com.br\/loja\/wp-content\/uploads\/2022\/06\/OP2Prancheta-3.svg\" alt=\"\" class=\"wp-image-166\" width=\"300\"\/><\/figure>\n\n\n\n<h2 class=\"numeracao-processos numeracao-2 has-medium-font-size wp-block-heading\" style=\"font-style:normal;font-weight:500\">Preencha o formul\u00e1rio de briefing<\/h2>\n\n\n\n<p>Voc\u00ea responder\u00e1 perguntas simples e objetivas em rela\u00e7\u00e3o a cria\u00e7\u00e3o de site. Quanto mais informa\u00e7\u00f5es voc\u00ea fornecer, melhor ser\u00e1 o resultado final do seu site!<\/p>\n<\/div>\n<\/div>\n\n\n\n<div class=\"wp-block-columns processos-col is-layout-flex wp-container-core-columns-is-layout-9d6595d7 wp-block-columns-is-layout-flex\">\n<div class=\"wp-block-column is-layout-flow wp-block-column-is-layout-flow\">\n<figure class=\"wp-block-image size-large is-resized\"><img decoding=\"async\" src=\"https:\/\/digisites.com.br\/loja\/wp-content\/uploads\/2022\/06\/OP2Prancheta-5.svg\" alt=\"\" class=\"wp-image-168\" width=\"300\"\/><\/figure>\n\n\n\n<h2 class=\"numeracao-processos numeracao-4 has-medium-font-size wp-block-heading\" style=\"font-style:normal;font-weight:500\">Cria\u00e7\u00e3o<\/h2>\n\n\n\n<p>Daqui em diante, o seu projeto estar\u00e1 nas m\u00e3os da nossa equipe, faremos a customiza\u00e7\u00e3o ou a cria\u00e7\u00e3o do seu site. Voc\u00ea ir\u00e1 acompanhar todo o processo de cria\u00e7\u00e3o do site no painel do cliente, onde poder\u00e1 interagir com nossos desenvolvedores.<\/p>\n<\/div>\n\n\n\n<div class=\"wp-block-column processo-produtos is-layout-flow wp-block-column-is-layout-flow\">\n<figure class=\"wp-block-image size-large is-resized\"><img decoding=\"async\" src=\"https:\/\/digisites.com.br\/loja\/wp-content\/uploads\/2022\/06\/ajuste.svg\" alt=\"\" class=\"wp-image-164\" width=\"300\"\/><\/figure>\n\n\n\n<h2 class=\"numeracao-processos numeracao-5 has-medium-font-size wp-block-heading\" style=\"font-style:normal;font-weight:500\">Aprova\u00e7\u00e3o e Ajustes<\/h2>\n\n\n\n<p>Primeiro encontro com o seu site! Aqui a cria\u00e7\u00e3o de sites est\u00e1 quase finalizada, e voc\u00ea pode visualizar o resultado. Enviaremos o site finalizado para a sua aprova\u00e7\u00e3o.<\/p>\n<\/div>\n<\/div>\n\n\n\n<div class=\"wp-block-columns processos-col is-layout-flex wp-container-core-columns-is-layout-9d6595d7 wp-block-columns-is-layout-flex\">\n<div class=\"wp-block-column is-layout-flow wp-block-column-is-layout-flow\">\n<figure class=\"wp-block-image size-large is-resized\"><img decoding=\"async\" src=\"https:\/\/digisites.com.br\/loja\/wp-content\/uploads\/2022\/06\/OP2Prancheta-7.svg\" alt=\"\" class=\"wp-image-163\" width=\"300\"\/><\/figure>\n\n\n\n<h2 class=\"numeracao-processos numeracao-6 has-medium-font-size wp-block-heading\" style=\"font-style:normal;font-weight:500\">Entrega<\/h2>\n\n\n\n<p>A melhor parte de todas. Seu site ser\u00e1 entregue junto com todas as orienta\u00e7\u00f5es de uso. Voc\u00ea ter\u00e1 um prazo de 30 dias para ajustar, trocar ou adicionar imagens, textos e cores. Agora voc\u00ea poder\u00e1 divulgar seu site nas redes sociais e fazer campanhas no Google Ads para receber novos clientes. Estaremos sempre alinhados com voc\u00ea fornecendo suporte e orienta\u00e7\u00f5es para que voc\u00ea tenha o melhor resultado.<\/p>\n<\/div>\n\n\n\n<div class=\"wp-block-column processo-produtos is-layout-flow wp-block-column-is-layout-flow\">\n<h3 class=\"has-text-align-center wp-block-heading\" style=\"font-size:32px\">Garantia de satisfa\u00e7\u00e3o com risco zero<\/h3>\n\n\n<div class=\"wp-block-image\">\n<figure class=\"aligncenter size-large is-resized\"><img decoding=\"async\" src=\"https:\/\/digisites.com.br\/loja\/wp-content\/uploads\/2022\/06\/7dias.svg\" alt=\"\" class=\"wp-image-182\" width=\"110\" height=\"122\"\/><\/figure>\n<\/div>\n\n\n<h3 class=\"has-text-align-center has-medium-font-size wp-block-heading\" style=\"font-style:normal;font-weight:400\">Dentro de 7 dias, se voc\u00ea n\u00e3o estiver satisfeito com nosso servi\u00e7o, devolveremos totalmente seu dinheiro. Como garantido pela lei dos direitos do consumidor.<\/h3>\n<\/div>\n<\/div>\n\n\n\n<div class=\"wp-block-buttons margin-botton is-content-justification-center is-layout-flex wp-container-core-buttons-is-layout-16018d1d wp-block-buttons-is-layout-flex\">\n<div class=\"wp-block-button button alt single_add_to_cart_button ver-demo\"><a class=\"wp-block-button__link has-text-color has-background\" href=\"https:\/\/advogado-classico.nomedaempresa.com.br\/\" style=\"background-color:#d1000000;color:#355ea9\" target=\"_blank\" rel=\"noopener\">Ver demonsta\u00e7\u00e3o<\/a><\/div>\n<\/div>\n\n\n\n<div class=\"wp-block-buttons is-content-justification-center is-layout-flex wp-container-core-buttons-is-layout-16018d1d wp-block-buttons-is-layout-flex\">\n<div class=\"wp-block-button ajax_add_to_cart add_to_cart_button single_add_to_cart_button button\"><a class=\"wp-block-button__link has-background\" href=\"https:\/\/advogado-classico.nomedaempresa.com.br\/\" style=\"background-color:#d1000000\" target=\"_blank\" rel=\"noreferrer noopener\">Comprar agora<\/a><\/div>\n<\/div>\n","protected":false},"excerpt":{"rendered":"<p>Este site \u00e9 projetado sob medida para a sua \u00e1rea de atua\u00e7\u00e3o e especialmente preparado para campanhas de an\u00fancios no Google ADS. Totalmente personaliz\u00e1vel e projetado para colocar seu neg\u00f3cio online em funcionamento rapidamente!<\/p>\n[cg_accordion title=\"Garantia Total\"]<\/p>\n<p>Dentro de 7 dias, se voc\u00ea n\u00e3o estiver satisfeito com nosso servi\u00e7o e desejar um reembolso, envie-nos uma solicita\u00e7\u00e3o de devolu\u00e7\u00e3o e n\u00f3s faremos o reembolso total e imediato do seu dinheiro.<\/p>\n<p>[\/cg_accordion]\n[cg_accordion title=\"Cortesia de 15 dias\"]<\/p>\n<p>Se dentro de 15 dias n\u00e3o gostar do modelo, poder\u00e1 trocar por outro modelo dispon\u00edvel em nossa loja de menor ou igual valor. Sem nenhum custo adicional.<\/p>\n<p>[\/cg_accordion]\n[cg_accordion title=\"1\u00ba M\u00eas de Hospedagem Gr\u00e1tis\"]<\/p>\n<p>Todos os novos clientes t\u00eam direito a hospedagem gratuita no primeiro m\u00eas. Possu\u00edmos hospedagem pr\u00f3pria e dedicada, o que permite maior seguran\u00e7a, rapidez e estabilidade do seu site.<\/p>\n<p>[\/cg_accordion]\n[cg_accordion title=\"O que \u00e9 a hospedagem?\"]<\/p>\n<p>A Hospedagem de sites \u00e9 um servi\u00e7o online que permite que o conte\u00fado do seu site fique acess\u00edvel na internet 24 horas, todos os dias. Voc\u00ea estar\u00e1 alugando um espa\u00e7o num servidor f\u00edsico para armazenar todos os seus dados e arquivos.\u00a0<\/p>\n<p>[\/cg_accordion]\n[cg_accordion title=\"Haver\u00e1 pagamento mensal?\"]<\/p>\n<p>Sim, al\u00e9m do pagamento pela implementa\u00e7\u00e3o do site, haver\u00e1 o custo de R$65,00 mensais que inclui: hospedagem do site e suporte para altera\u00e7\u00f5es com orienta\u00e7\u00f5es sobre gerenciamento de campanhas no Google Ads.\u00a0<\/p>\n<p>[\/cg_accordion]\n<div style=\"display: none;\">\n<div style=\"margin: 1em 0 0;\"><label>N\u00e3o tenho um dom\u00ednio:<\/label><\/div>\n<div class=\"wapf-field-description\">Verifique a disponibilidade de um novo domino<\/div>\n<div>[wpdomainchecker item_id=\"21\" ]<\/div>\n<\/div>\n","protected":false},"featured_media":144,"comment_status":"open","ping_status":"open","template":"","meta":{"_joinchat":[]},"product_brand":[],"product_cat":[23,25],"product_tag":[],"class_list":{"0":"post-21","1":"product","2":"type-product","3":"status-publish","4":"has-post-thumbnail","6":"product_cat-profissionais-liberais","7":"product_cat-site-para-advogado","9":"first","10":"instock","11":"sale","12":"virtual","13":"sold-individually","14":"purchasable","15":"product-type-simple"},"_links":{"self":[{"href":"https:\/\/digisites.com.br\/loja\/wp-json\/wp\/v2\/product\/21","targetHints":{"allow":["GET"]}}],"collection":[{"href":"https:\/\/digisites.com.br\/loja\/wp-json\/wp\/v2\/product"}],"about":[{"href":"https:\/\/digisites.com.br\/loja\/wp-json\/wp\/v2\/types\/product"}],"replies":[{"embeddable":true,"href":"https:\/\/digisites.com.br\/loja\/wp-json\/wp\/v2\/comments?post=21"}],"wp:featuredmedia":[{"embeddable":true,"href":"https:\/\/digisites.com.br\/loja\/wp-json\/wp\/v2\/media\/144"}],"wp:attachment":[{"href":"https:\/\/digisites.com.br\/loja\/wp-json\/wp\/v2\/media?parent=21"}],"wp:term":[{"taxonomy":"product_brand","embeddable":true,"href":"https:\/\/digisites.com.br\/loja\/wp-json\/wp\/v2\/product_brand?post=21"},{"taxonomy":"product_cat","embeddable":true,"href":"https:\/\/digisites.com.br\/loja\/wp-json\/wp\/v2\/product_cat?post=21"},{"taxonomy":"product_tag","embeddable":true,"href":"https:\/\/digisites.com.br\/loja\/wp-json\/wp\/v2\/product_tag?post=21"}],"curies":[{"name":"wp","href":"https:\/\/api.w.org\/{rel}","templated":true}]}}